2*y - l. What is the units digit of y*2/s*2?
1
Suppose -4*m + m = 12, 5*b + 3*m = -12. Suppose b*c = -3*c. Suppose -4*r + 53 - 5 = c. What is the units digit of r?
2
Suppose -y = 10*y - 1089. What is the tens digit of y?
9
Suppose w - 148 - 109 = 0. What is the hundreds digit of w?
2
Let h(q) = 2*q**2 - 18*q + 1. What is the tens digit of h(12)?
7
Let t = 4 + 7. What is the units digit of t?
1
Let v be (-30)/(-2)*(-2)/5. Let o be ((-8)/v)/((-1)/(-3)). Suppose 5*y = o*z - 48, -1 = -3*z - 5*y - 0. What is the units digit of z?
7
Let v = 1 + -13. What is the tens digit of (-1)/(-3) + (-140)/v?
1
What is the tens digit of (-1 + 11/4)*24?
4
Suppose 5*o = 131 + 84. What is the units digit of o?
3
Let m(l) = -l - 2. Let o be m(-2). What is the units digit of -3 + o - -26 - 1?
2
Suppose 0 = 3*o + 5*f + 19, -4*o + 14 = -f + 1. Suppose -2*k = -w + 2*k + 44, o*w - 53 = k. What is the units digit of w?
4
Let h = 41 - -2. Suppose 55 = 2*v - 5*r, 3*v = 5*v - r - h. What is the tens digit of v?
2
What is the units digit of 46*((-68)/(-8) - 2 - -1)?
5
Let d = -14 - -27. Let z = 2 + d. What is the units digit of z?
5
Suppose -25 + 67 = 7*n. What is the units digit of n?
6
Let c = -5 - -6. What is the units digit of -1 + 1 + c + 0?
1
Suppose -4*h - 7 + 71 = 0. Let k be ((-60)/100)/((-2)/10). Let f = h - k. What is the tens digit of f?
1
Suppose 13 = u + 2*r, 5*u - 4*r = 46 + 33. What is the tens digit of u?
1
What is the units digit of 0 - -12 - 3 - -1?
0
Let u be 4 + -6 - 4/1. Let a(g) = -g**2 - 6*g + 2. Let t be a(u). Suppose 0 = t*s - 4*d - 32, 3*s - 2*d - 40 = -s. What is the units digit of s?
8
Let q(f) = f**2 - 3*f - 3. Let b be q(5). Suppose -r = -3*m - 17, r + 0 - b = m. What is the units digit of r?
2
Let m(a) = -a**2 + a + 2. Let h be m(2). Suppose 3*c + 4*y = 2*c - 8, y + 3 = h. Let i = -2 + c. What is the units digit of i?
2
Let u = -10 + 12. Suppose 0*f + 66 = u*f. What is the tens digit of f?
3
Suppose -2*k + 0 = t + 9, -2*k = -4*t + 4. Let j be 2*((-10)/40)/((-2)/4). Let d = j - k. What is the units digit of d?
5
Let x(y) = -5*y**2 + 4*y + 1. Let w(z) = 14*z**2 - 12*z - 3. Let f(t) = 4*w(t) + 11*x(t). Let c be f(3). What is the units digit of (-17)/c - (-5)/(-20)?
4
Suppose -8 = -2*f - 2. Suppose -f + 9 = 3*l. Suppose -36 = l*u - 5*u. What is the tens digit of u?
1
Suppose -r + 15 = 4*r. Suppose 5*y - r = 4*y. What is the units digit of y?
3
Let g = 8 + -6. Let d = -7 + 11. Suppose 16 = 3*h + g*u, -u - d*u = 5. What is the units digit of h?
6
Suppose -5*j = n - 215, 59 = j + j - 5*n. Suppose 2*w + j = 5*w. What is the tens digit of w?
1
Let k(o) = -9*o - 26. What is the tens digit of k(-8)?
4
Suppose -7 = -5*c + 3. Let u(n) = n**3 - 3 - 9*n - c + 0 + 6*n**2. What is the units digit of u(-7)?
9
Let t = 135 + -60. Let o = t - 36. What is the tens digit of o?
3
Let c(k) = k**3. Let y(g) = 4*g**3 - 3*g**2. Let m(b) = 3*c(b) - y(b). Let h be m(2). Let u(q) = -q**3 + 3*q**2 + 6*q - 2. What is the units digit of u(h)?
6
Let u = 5 - 3. Suppose -7*z + u*z = -55. What is the tens digit of z?
1
Suppose 3*k = -2*w + 13, -w + 3*k = -0*w - 2. Suppose 8*s + w = 9*s. Suppose s*d = -0*d + 80. What is the units digit of d?
6
Let s(l) = 2*l**2 + l - 7. Let i(u) = 2*u**2 - 7. Let c(h) = -4*i(h) + 5*s(h). What is the tens digit of c(-5)?
1
Let s be 1*(1 + 6/2). Suppose 0 = -s*v + 7*v - 30. What is the units digit of v?
0
Let m(f) = -f - 9. Let r be m(-8). Let q = 0 + r. Let g = 2 + q. What is the units digit of g?
1
Let i(f) = f - 1. Let l be i(4). Let p(v) = -l*v + 5*v - 3*v + 9. What is the units digit of p(5)?
4
Suppose 5*n = -0*n - 5*m + 25, -18 = -4*n - 3*m. Let t = n - -2. Suppose t*o - 2*u - 21 = 0, 2*u + 0 + 12 = 2*o. What is the units digit of o?
3
Let n(v) = v**2 - 5*v - 39. What is the hundreds digit of n(-12)?
1
Let u be 28 + (-2 - (0 + 0)). Suppose 5*d + 34 = 2*b, d = -2*b + 4*b - u. What is the units digit of b?
2
Let k = 49 - 19. Suppose 3*h = 4*h - k. What is the tens digit of h?
3
Let s(z) = z**2 + 17*z + 20. What is the units digit of s(-17)?
0
Suppose 0*h - u = -5*h + 13, 3*u - 21 = -5*h. Suppose 4 = -r + 5*k + 13, 3*r - 27 = h*k. What is the units digit of r?
9
Let p be (-2)/13 + (-134)/(-26). Suppose -2*u = 4*w - 86, p*w - u + 6 - 117 = 0. Let s = -12 + w. What is the tens digit of s?
1
Suppose 5*k - k + 1616 = 0. What is the tens digit of k/(-36) - 2/9?
1
Let j(g) = -g**3 - 8*g**2 - 2*g - 7. Suppose 7*s - 3*s - 5*w = -7, -s - 3*w = -11. Let o be 12/(2/4 - s). What is the units digit of j(o)?
9
Let r(h) be the first derivative of h**2/2 + h + 3. What is the units digit of r(0)?
1
Let o = 7 + -3. Let w = 28 - 0. Suppose 2*h = 2*t + 10, 2*h - w = -o*t + 6. What is the units digit of h?
9
Let h(z) = -z**3 - 10*z**2 - 12*z - 2. Let o be h(-8). Let j = -20 - o. What is the tens digit of j?
1
What is the tens digit of (-16)/40 - (1872/(-10))/3?
6
Suppose 0 = -3*w + 2*w + 2. Suppose v + 15 = w*v. What is the units digit of v?
5
What is the units digit of (3/(-2))/((-24)/368)?
3
Suppose -468 = -5*d - y - 2*y, -108 = -d + 3*y. Let k = 48 - d. Let f = -28 - k. What is the tens digit of f?
2
Let k = -99 - -244. What is the hundreds digit of k?
1
Let v(w) = -w**3 + 4*w**2 + w + 5. Let r be v(4). What is the units digit of (-4)/(-18) + 52/r?
6
Suppose 3*b = -4*m - 31, -2*b - 2*m - 18 = -0*b. Suppose 0 = -3*g - 39 + 48. Let t = g - b. What is the units digit of t?
8
Suppose -z = 4*z - 5. Suppose 72 = 4*d - 0*d. What is the units digit of z/(-1 - (-20)/d)?
9
Let o be (-6)/(-21) + 69/(-21). Let v be ((-29)/o)/(-1)*-3. Suppose -5*x = -6 - v. What is the units digit of x?
7
Suppose d - 12 = -d - z, -3*d + 2*z + 4 = 0. Suppose -c - 45 = -d*c. What is the units digit of c?
5
Let i = 36 + 23. What is the tens digit of i?
5
Let t be 10/(2/1)*1. Suppose 0*u = t*u - 5. What is the units digit of 3*(-1)/u + 8?
5
Let f(h) = 3*h**2 - 6*h + 25. What is the hundreds digit of f(8)?
1
Let k = -4 - -7. Suppose -g + 7 = -5*i, k*g + 66 = -2*i + 2. Let b = g + 25. What is the units digit of b?
7
Suppose 5*m - 3*c - 75 = 0, c - 97 = -4*m - 4*c. Suppose -5*v + 7 = -m. What is the units digit of v?
5
Let w = 1 - 2. Let z be (3 - w)/2 + -34. Let q = -19 - z. What is the units digit of q?
3
Suppose 120 = 6*y + 2*y. Let x be (-8)/(-3) - (-2)/(-3). Suppose -x*b = 4*n, b - 3*n - 5 = y. What is the units digit of b?
8
Suppose 2*p + 48 = 6*p. What is the tens digit of p?
1
Suppose g + 4*k = k + 3, 5*g = -k + 29. Let m be (-1)/(((-8)/g)/(-4)). Let q = m + 7. What is the units digit of q?
4
Suppose -3*r + r + 158 = 0. What is the tens digit of r?
7
Suppose 5*m - 2*s - 126 = 0, -m + 2*s + 54 = m. What is the tens digit of m?
2
Let a = -3 - -8. Suppose -40 - a = -5*y. What is the units digit of y?
9
Let d(i) = -i**3 + 3*i**2 + 4*i + 1. Let g be d(4). Suppose -2*n + n = -g. What is the units digit of n/((3/(-18))/(-1))?
6
Suppose 3*k - 1 = -4. Let j(l) = -52*l - 1. What is the units digit of j(k)?
1
Suppose 19 + 2 = -3*y. Let a(k) be the first derivative of -k**3/3 - 7*k**2/2 + 7*k - 3. What is the units digit of a(y)?
7
Let i(f) = f - 2. Let u be i(5). Suppose -4*m = 3*q - u*m - 26, q - 4 = 2*m. What is the units digit of (3/(-6))/((-1)/q)?
4
Suppose -39 = -c + 3*g + 34, 3*c - 219 = -4*g. What is the tens digit of c?
7
Suppose 0 = 5*t - 4*h - 898, -2*t - 5*h = 3*t - 880. What is the hundreds digit of t?
1
Suppose -4*u = -9*u - 1400. Let n be u/(-36) - (-2)/9. What is the units digit of (-1)/(-3) - n/(-3)?
3
Suppose 0 = 5*m - 4 - 6. Suppose -5*w + 51 = -m*w. What is the tens digit of w?
1
Let x = 8 + -5. Suppose 0 = 5*q + 4*m + 85, -5*q + x*m - 85 = -0. Let i = q + 30. What is the units digit of i?
3
Let f be (-1)/(-2) - (-10)/4. Let s be 16 - 0 - (-3 + f). Suppose 4*b - 2*b - s = 0. What is the units digit of b?
8
What is the tens digit of -1 + -3 + (-55)/(-1)?
5
Suppose -4*j + 5 = -3*j. What is the units digit of j?
5
Let d(y) = -y**2 + 19*y. What is the tens digit of d(16)?
4
Let g = -4 - -5. Let h = 3 - g. Suppose 3*t = -h*t + 30. What is the units digit of t?
6
Let b = 0 - 0. Suppose b = 3*o - 4*o + 12. What is the tens digit of o?
1
Suppose -5*l - 45 = 3*q, -2*q = -l + 5 - 1. Let x be (l/(-10))/(2/10). What is the units digit of 19/x + (-1)/3?
6
Suppose -220 = -4*h + 16. Suppose -q - 